. Suppose -r + 0*r = 3. Determine q(r).
10
Let x(a) = -a**2 + 8*a - 1. Let h(q) = q**2 - 6*q + 9. Let w be h(0). What is x(w)?
-10
Let a(o) = o + 1. Let l(y) = -y - 1. Let x(v) = -4*a(v) - 3*l(v). Let n(m) = -4*m - 3. Let w(q) = 2*n(q) - 9*x(q). Let h = 1 + -1. Determine w(h).
3
Let s be (1 - -1) + (-10)/10. Let d(l) = -3 - 1 + 3*l - l**2 + s. Determine d(3).
-3
Let r(k) be the third derivative of -k**5/12 + k**3/6 - 2*k**2 + 24*k. Calculate r(1).
-4
Let o(j) = -2*j + 3*j + 4*j + 5. Let y be (-9 - -1)*(-15)/(-20). Let w(x) = -11*x - 11. Let i(v) = y*w(v) - 13*o(v). What is i(-1)?
0
Let q(b) be the second derivative of b**4/12 - 13*b**3/6 - 7*b**2 + 7*b. Let s be q(14). Let o(i) = i**2 + i + 8. Calculate o(s).
8
Let y(r) = -3*r**2 + r - 3. Let f(m) = -m**2 - m. Let d(t) = 4*f(t) - y(t). Let w(o) = o + 7. Let q be w(-12). What is d(q)?
3
Let m(y) be the second derivative of 3*y**5/20 - y**4/4 + y**3/6 - y**2/2 - 22*y. Calculate m(2).
13
Let n(f) = f + 1. Let i(v) = 6. Let p(h) = -i(h) + 6*n(h). Calculate p(-3).
-18
Let c be (-8)/20 - 34/(-10). Suppose 2*t = -c*t - 25. Let a(j) be the second derivative of j**3/6 + 7*j**2/2 - 2*j. Calculate a(t).
2
Let q(h) = h**2 - 2*h + 1. Let p(c) = -2*c**2 - 6*c - 4. Let j be p(-4). Let o be 24/10 - j/20. Calculate q(o).
4
Let h = -6 - -8. Suppose h*k + 6 = -3*l, 8*l = 3*l. Let j(n) = -n**2 - n. Let f(g) = -g**3 - 8*g**2 - 6*g - 3. Let q(r) = -f(r) + 6*j(r). What is q(k)?
-6
Let y be (-6)/(3 + (-8 - -3)). Let r(q) = q**3 - 3*q**2 + q - 1. What is r(y)?
2
Let p(i) = -2*i**3 - 6*i**2 + 4 - 4*i**3 + 7*i**3 + 5*i. Suppose k = 4*v - 16, -3*k + 10 = 2*v - 12. Determine p(k).
-8
Suppose 18 + 2 = 4*v. Let u(y) = v*y - y - 3*y. Let i be (4/(-2))/(-2)*-3. Determine u(i).
-3
Let l be 5/2 - (-5)/(-10). Let r(m) = -4*m**l + 4 - 8*m + 8*m**2 - 3*m**2. Let h(s) = 2*s**3 - 2*s**2 - s. Let b be h(2). What is r(b)?
-8
Let l = 75 - 70. Let q(c) = -3*c + 4. Determine q(l).
-11
Suppose -j = -3*j + 12. Let w(q) = q**2 - 8*q + 8. Let n be w(j). Let s(r) = r**2 + 5*r - 1. What is s(n)?
-5
Let f = 6 + -4. Suppose 5*k - 1 = f*t + 9, 4*k - 3*t = 15. Suppose k*p - 4*w = 3*p - 7, -21 = 3*p - 3*w. Let c(q) = q - 1. What is c(p)?
-4
Let u be 12/7 + (-2)/(-7). Suppose u*p + 6 = -5*r, r - 2*p - 6 = -r. Let v(b) = -b - 30*b**2 + 17*b**2 + 14*b**2. What is v(r)?
0
Let m(b) = 2*b - 1. Let t be m(2). Let y(k) = t*k**2 + 3 + 4*k - 8*k**2 - 2*k + k**3 + 1. Let j(a) = -a**2 + 8*a - 3. Let r be j(7). Determine y(r).
-4
Let g = -5 - -9. Let x(d) = 2*d + g*d**2 - 2 + 1 + 0*d**2. What is x(-2)?
11
Let p(o) = 2*o - 5. Let k(l) = -11*l + 3. Let d be k(1). Suppose 12 = 2*a + a. Let g be d*((-6)/a + 1). What is p(g)?
3
Let p(w) = -4*w**2 + w. Suppose 4*c = -4*i - 20, 2*c - c = 5*i - 5. Let h be (9/(-3) - i)/(-3). Determine p(h).
-3
Let b(j) be the first derivative of j**5/60 - j**4/8 - j**3/6 + 3*j**2 + 7. Let v(c) be the second derivative of b(c). What is v(3)?
-1
Let n(x) = 3*x + 13. Let z(k) = -4*k - 19. Let s(h) = 7*n(h) + 5*z(h). Let f be -2 + (1 - 2) + 3. Let i = f - 0. Determine s(i).
-4
Let o(t) = t**3 - t + 2. Let h be o(0). Let p(i) = 4*i**2 - 5*i**2 - i - 4*i**h. Let l = -17 - -18. Determine p(l).
-6
Let l(h) be the second derivative of h**2/2 - 3*h. Let i(y) = y - 3. Let k(o) = -2*i(o) - 7*l(o). Calculate k(-4).
7
Let v(j) be the first derivative of j**3/3 - 3*j**2/2 - 1. Suppose 4*z + 114 = 126. Give v(z).
0
Let r(w) = -w - 4. Let f(h) = h + 5. Let x(k) = 5*f(k) + 4*r(k). Let s be x(-7). Let l(j) = -5 + 2*j + j + s. Determine l(2).
3
Let v(d) = -2 + d + 3 - 6. What is v(-5)?
-10
Let v(k) = -7*k**2 + 2*k - 1. Let u be v(1). Let o(g) = g**3 + 5*g**2 - 6*g + 5. Calculate o(u).
5
Let d(g) = 4 - 8 + 13*g**3 + 4 - g. What is d(1)?
12
Let c = -3 + 0. Let n(u) be the first derivative of -2 + u**2 - 4*u + 2/3*u**3. What is n(c)?
8
Let j(w) = -2*w**2 + 6*w - 7. Let c(s) = -s + 1. Let d(x) = 4*c(x) + j(x). Determine d(2).
-7
Let p(t) be the second derivative of t**4/6 + t**3/3 + t**2/2 - t. Give p(2).
13
Suppose -7*a = -3*a - 2*k, 5*k - 24 = -2*a. Let d(s) = 6 + 2*s**a - 3*s - 3 - s**2 - 2. Calculate d(5).
11
Let y(h) = h**2 - 3*h + 3. Let t be 20 - 15 - 2/1. What is y(t)?
3
Let b(o) = o**2 - 10*o + 7. Suppose 3*r - 3*c = -0*c + 21, 2*r - 5*c = 11. Calculate b(r).
-9
Suppose 0 = -5*o - 0 - 5. Let l(n) = n**2 - 4*n - 1. Let j be l(6). Let c be (j + o)/(5 + -3). Let z(k) = k**2 - 6*k + 1. What is z(c)?
-4
Let z(c) = -11*c - 5. Let q(i) = -7*i - 3. Let y(u) = 8*q(u) - 5*z(u). Determine y(-6).
7
Let j(k) be the third derivative of k**4/24 + 17*k**3/6 + 2*k**2 + 11. Determine j(-13).
4
Suppose 3*u - k - 25 = -2, 2*k - 31 = -5*u. Suppose g + 5 = 5*r - 12, 2*r - 5*g = -u. Let v(i) = -2*i - 4. Give v(r).
-12
Let a = 10 - 10. Let d = a + 5. Let l(y) be the second derivative of -y**5/20 + y**4/2 - y**3/2 - y**2 + 2*y. Give l(d).
8
Let n = -5 + 10. Let g(s) = s**3 - 4*s**2 - 4*s + 5. Determine g(n).
10
Let y(k) = 5*k - 6. Let d(s) = 9*s - 10. Let h(p) = -4*d(p) + 7*y(p). Give h(5).
-7
Let j(g) = g**3 - 3*g + 1 - 3*g**2 - 3*g + 3. Let w be 3 + (-2)/(-2) + -1. Let r be (0 - (w - 1))*-2. Give j(r).
-4
Let o(u) = 4. Let t(i) = 1. Let v(f) = 3*o(f) - 8*t(f). Let q(g) = g - 20. Let j(m) = -2*q(m) - 11*v(m). Let s be (3 + -4)*(5 - 0). Determine j(s).
6
Let r(x) = -x**3 + 7*x**2 + 7*x + 10. Let g be r(8). Suppose g*f + 3*f = -10. Let l(j) = j + 4. What is l(f)?
2
Suppose 4*c + 28 = 3*w, -2*c - 8 = -0*c. Suppose h = m - 2*m + 3, -9 = -3*m + w*h. Let d = m + 0. Let z(o) = 2*o**2 - 3*o - 2. What is z(d)?
7
Let l(k) = -k**3 - 5*k**2 - k + 3. Let y(b) = 3*b**3 + 9*b**2 + 2*b - 5. Let d(g) = -7*l(g) - 4*y(g). Let n be 8/24 - 43/3. Let z = -15 - n. Calculate d(z).
4
Let v(z) = z**3 - 3*z**2 - 6*z + 5. Let g be 12/15*(-10)/1. Let h be (g/(-3))/((-2)/(-3)). Calculate v(h).
-3
Let g(d) = -3*d - 1. Let l be (1 + 11)*24/36. Suppose -b + l = 3*b, -f - 4*b = -9. Give g(f).
-4
Let r be (2*1 - 0)*1. Let n(v) be the third derivative of v**6/60 - v**5/20 + v**4/24 - v**3/6 - 5*v**2 + 1. Calculate n(r).
5
Suppose 2*h = h - 5. Let n(a) = -5*a**2 - 8*a + 2. Let v(i) = 23*i + 1 + 3*i**2 - 8 + 11*i**2. Let k(s) = -11*n(s) - 4*v(s). What is k(h)?
1
Let p(v) = 9 - 5 + v**2 + 4*v - 7 + 0*v. Calculate p(2).
9
Let b = 7 - 2. Let r = -2 + b. Let x(h) = -5*h + 3*h - 4 + 3*h**3 + 4*h**2 - 4*h**3. What is x(r)?
-1
Let w(f) be the first derivative of f**2 + 6*f - 34. What is w(-6)?
-6
Let v be (-5)/(-15)*(-9)/3. Let y(j) = -2*j + 6*j - 2*j + j**2 + 0*j**2 + 1. Calculate y(v).
0
Let o(z) = z**2 + 6*z + 4. Let r be o(-5). Let f(i) be the second derivative of i**5/10 - i**4/6 - i**3/6 + i. Determine f(r).
-3
Let z(m) = -5*m - 3. Let q(p) = -66*p - 39. Let d(b) = -2*q(b) + 27*z(b). Give d(-4).
9
Let t(h) = h**3 - h**2 - 2*h - 3. Let n(b) = b + 6. Let l be n(-6). Let o = 12 - l. Let u be -4*1*(-9)/o. Determine t(u).
9
Let y(q) be the second derivative of q**4/12 - q**3/3 + q**2/2 + q. Let l(o) = -o - 6. Let s be (-8 - -1)/(3 + -2). Let m be l(s). Determine y(m).
0
Let i(b) be the second derivative of -b**4/24 - 5*b**3/6 + 7*b**2/2 - 4*b. Let m(g) be the first derivative of i(g). What is m(-6)?
1
Let h(f) = -2*f + 5*f + 2*f - 4*f. Give h(-2).
-2
Let i be 2 - -1 - (-2 - -1). Let z(l) = -7*l - 4*l**2 + i*l - 2*l + 3*l**2 + 6. Give z(-6).
0
Let m be -1*14*4/(-14). Let w(r) = r**3 - 4*r**2 - 2*r + 3. Give w(m).
-5
Let r(o) = -o**2 - o + 10. Let w be (6*-1 - -4) + 2. Determine r(w).
10
Suppose h - 9 = -2*h + 5*w, -w = -5*h + 15. Let i(u) be the first derivative of 6*u - 1/3*u**h + 2*u**2 - 2. Calculate i(5).
1
Let j(p) = 0*p**2 + 2*p + p**2 - p**2 - p**2. Determine j(3).
-3
Suppose -3*u = 5*m + 39, 4*u + 0*u = 2*m. Let o(n) = -n**3 - 6*n**2 + 3. What is o(m)?
3
Let i(p) = 2*p**2 + 2*p**2 + 0*p**2 + 2. What is i(2)?
18
Let y(b) = -b**3 + b**2 + 2*b + 3. Let o be (32/(-12) + 3)*3. Let m = 2 + o. Give y(m).
-9
Suppose 1 = 2*p - 1. Let c(x) = -p - 4*x**3 + 7*x**2 - 14*x**2 + 9*x**2. What is c(-1)?
5
Let u(y) = -4*y - 2 + 3*y + 1. Let g be (-2)/9 + (-152)/(-36). Suppose 2*n = -4*p - 28, -g*p - 3*n - 13 = 19. Determine u(p).
4
Suppose 5*j = 41 - 16. Let w(k) be the first derivative of 1/2*k**2 - 3*k - 1. What is w(j)?
2
Let c(y) = y**3 - 9*y**2 - 11*y + 12. Let d be c(10). Let k(m) = -3*m - d + 2*m**2 + 0*m + 0 + 4. S